, 2*l = -w*x + 19 + 17. Suppose -4*o + l = -356. Is o prime?
False
Suppose 58*v - 50*v - 463160 = 0. Is v prime?
False
Is (-8 - -12) + -3 - -10060 composite?
False
Let o(g) = -3*g - 3*g - 7 - 2*g**2 + g + g**2. Let p be o(-5). Let b(t) = -t**3 - 7*t**2 - t - 1. Is b(p) composite?
True
Let x(f) be the first derivative of 2*f**3/3 - 2*f**2 - 11*f + 6. Is x(15) composite?
False
Suppose 0 = -3*z - 7*j + 23587, -73*z + 4*j = -75*z + 15726. Is z prime?
True
Suppose 3*z - 1674 = -3*o, -52 = 2*o - z - 1165. Is o a composite number?
False
Let w(c) = 62354*c - 69. Is w(1) composite?
True
Let i = 1930 + 418. Is (6/(-4))/((-6)/i) a composite number?
False
Suppose -2*b - 27 = -11*b. Suppose -a + 10 = -b*a, -s = 5*a - 669. Is s composite?
True
Let k(s) = 8*s + 9. Suppose 0 = a - 5*g - 35, 3*a + g = a + 59. Suppose 4*w + w = 3*u - a, 0 = 3*u + 4*w - 30. Is k(u) composite?
False
Is 44187/6 - (-12)/(-8) a prime number?
False
Let v be 39/(-2)*24/(-9). Suppose v = m - 133. Suppose 2*t - 7*t = -m. Is t a composite number?
False
Suppose -6*l + 14 = l. Suppose l*j - 4*w = 410, -115 - 120 = -j - 4*w. Is j a composite number?
True
Let h be (21/1)/(11/(-4) - -3). Suppose h = 4*t - 148. Is t a composite number?
True
Let o(n) = -1137*n - 25. Let q(j) = j + 2. Let y(p) = -o(p) - 3*q(p). Is y(3) prime?
False
Suppose 5*o + 0*h + 4*h + 10 = 0, 5*h = -2*o + 13. Is (o/9)/(4/(-2682)) prime?
False
Let k(n) be the third derivative of -n**6/120 + n**5/30 + n**4/24 + 797*n**3/6 + 33*n**2. Is k(0) prime?
True
Let k(s) = -3*s**2 - 3*s - 14. Let c be k(-3). Is (c/(-48))/(-2*2/(-426)) prime?
True
Suppose -2*h + 52199 = 5*y, 3*h + 6 + 3 = 0. Is y composite?
True
Let g(u) = -u**2 + 18*u - 15. Let b be g(16). Suppose -b*t - 1085 = -22*t. Is t composite?
True
Suppose q + 3*v = 12, 6*q - 3*q - 5*v + 6 = 0. Let b(m) = 23*m - 2. Is b(q) composite?
False
Let x(u) = 8150*u**3 + u**2 - 3*u + 2. Let c be x(1). Suppose 0 = 3*m - c - 1465. Is m composite?
True
Let n(y) = -y**2 - 9*y + 1. Let i be n(-9). Is (i + 0)*2*2532/8 composite?
True
Let x = -189 + 117. Let t = x + 154. Is t composite?
True
Suppose -4*q - 288 = l - 2*q, 4*q + 1164 = -4*l. Let f be 39/26 + l/(-4). Suppose 0 = -b - 0*b + 2*h + f, 5*h = -4*b + 326. Is b a composite number?
False
Let u(l) = -33*l + 25. Let b be -3 - 5*(-1)/(-1). Is u(b) a composite number?
True
Let a be -3*(-12 - -14 - (-592)/(-3)). Let n = a - -501. Is n a composite number?
False
Let j be 9/(-5 - 89169/(-17832)). Is (2 - 7/2)*j/(-36) a composite number?
False
Let l(d) = 1800*d**2 - 4*d + 3. Is l(1) prime?
False
Let y(l) be the second derivative of 1/6*l**3 + 0 - 2*l + 5/2*l**2. Is y(16) prime?
False
Let p be 1/(5/20190*1). Suppose -p = -3*i - 3*i. Is i a prime number?
True
Let a = -278 - -1505. Is a composite?
True
Suppose t - 1829 = -3*g, 4*g = -2*t - 1949 + 5599. Is t composite?
True
Suppose -3*o + 5*o = 8, -16191 = -5*s - 4*o. Is s a composite number?
True
Let n be (32/10)/(2/50). Let o be (-422)/(-6)*(-18 - -3). Let j = n - o. Is j a composite number?
True
Suppose 4*h = 5*s + 21, -s - 21 = -7*h + 2*h. Let o(l) = 4*l**2 - l - h*l**2 + 33*l**3 - 2*l**2. Is o(2) a composite number?
True
Let z(s) be the third derivative of -4*s**4/3 - 5*s**3/6 + s**2. Let t(u) = u. Let v(w) = 6*t(w) - z(w). Is v(4) a composite number?
False
Let m be 1*(-3 + -1) + -476. Let s = -903 - m. Let h = s + 1058. Is h composite?
True
Suppose -5*b = -b - 844. Suppose -d + 3*m + b = -m, 1001 = 5*d - 2*m. Is d a composite number?
False
Suppose -u = -2*b - 1349, 3*b - 8*b - 10 = 0. Is u composite?
True
Let s be (-2)/(-8)*0 + 6739. Let q = -2772 + s. Is q a composite number?
False
Let d be (-38)/(-6) - (-3)/(-9). Let g be 4/d*(-1476)/(-24). Let o = g + 56. Is o a composite number?
False
Let x(i) = -i**3 - i**2 - i + 10. Let z be x(0). Let h(d) = d**3 - 9*d**2 - 11*d + 12. Let j be h(z). Suppose j*o = -47 + 573. Is o prime?
True
Let w(a) = -7*a**2 - 1. Let m(z) = 14*z**2 + z + 2. Let y(f) = -3*m(f) - 7*w(f). Is y(-5) composite?
False
Suppose 0 = 1999*h - 1982*h - 131801. Is h composite?
False
Suppose -2*z + 40 = z + 5*d, 2*z = 2*d. Suppose 0 = -3*f + 6*f - 3, n + z*f = 1566. Is n composite?
True
Suppose 5*m + 0 = 3*a + 11, m = a + 1. Is (0 + (-1604)/(-12))*a composite?
False
Let r be (426/15 - 2) + 27/45. Let i = r + 106. Is i prime?
False
Is (-6)/15 - (-22295)/175 composite?
False
Suppose 5*d + 5*b - 319520 = -0*b, d - 3*b = 63916. Is d a composite number?
False
Suppose -5*t + 1960 + 32985 = 0. Is t a prime number?
False
Suppose -6 = -s - 2*s. Suppose 0 = t + s*t. Suppose t = n + 8 - 55. Is n prime?
True
Let h be (0 - 1 - 4)*-1. Let u(t) = -4*t**2 + 14*t + 3*t**3 - h*t**2 - 17 - 2*t**3. Is u(12) composite?
True
Is ((-9)/2 + 5)/(3/6234) composite?
False
Let f = 10517 - 4600. Is f a composite number?
True
Suppose 2*i + 12 = 2*p, 3*i = 8*i - 15. Let r = p + -7. Suppose -2*h + 1588 = r*h. Is h a prime number?
True
Suppose -15444 = m - 13*m. Let s = -806 + m. Is s composite?
True
Let r(d) = -2*d**3 - 7*d**2 - 17*d + 19. Let g be r(-14). Let n = -2596 + g. Is n prime?
True
Let k(q) = q - 5. Let o = 18 - 13. Let m be k(o). Is (m - -1)/((-4)/(-1292)) a prime number?
False
Let m(w) = 5*w**3 - 9*w**2 - 36*w - 14. Suppose -3*a + 27 = -6. Let c(q) = q**3 - 2*q**2 - 7*q - 3. Let i(v) = a*c(v) - 2*m(v). Is i(8) composite?
False
Is 757603/84 - (-2)/(-24) prime?
False
Let w(t) = 4*t + 29. Let l be w(-6). Suppose 3*n = 5*a + 1687, 5*n - 2790 = l*a - a. Is n a prime number?
False
Suppose 0 = 36*g - 43*g + 309029. Is g composite?
True
Suppose 4*a + 32*u - 27*u - 23164 = 0, a - 4*u = 5791. Is a prime?
True
Let t(n) = 330*n**2 - 18*n + 89. Is t(11) a prime number?
True
Let i(f) = 7*f**2 + 5*f - 103. Is i(-21) a prime number?
True
Let c = -74 + 60. Is (-16 - c)/((-4)/2482) prime?
False
Suppose -3610 - 2207 = -3*v. Is v prime?
False
Suppose 4*i + 113 = -2*p - 3*p, 2*p + 58 = -2*i. Let u = i + 51. Is u a composite number?
False
Let z = 7 + -10. Let n be (z/(-9))/((-2)/30). Is n/40 + 5298/16 composite?
False
Is -6*8/(-16) + (8143 - -1) a composite number?
False
Suppose -447 = h - 0*h - 3*v, -2*h - 3*v - 858 = 0. Let w = -280 - h. Is w composite?
True
Let j = 18 - 13. Suppose 4*s + 748 = 2*m, 4*s + j = -7. Let z = m - 103. Is z composite?
True
Let a be 12/((-28)/8 + 2 - -3). Is 406/4*(a - 2)/3 composite?
True
Let u be 25304*6/11 - 4/22. Suppose 0 = -4*t - 3*s + u, t = -0*t - 3*s + 3455. Is t composite?
False
Suppose 2*w - 100 = -j + 270, -4*w + 2*j = -740. Let v = 108 + w. Is (-2 - (-4 + 2)) + v prime?
True
Let j be ((-282)/(-10) - 0)*5. Let x(y) = 2*y - 18. Let v be x(10). Suppose v*f + j = a - 2*f, 5*f = -3*a + 440. Is a a prime number?
False
Suppose 4*s = 4*w - 3*w + 13223, 4*w + 16515 = 5*s. Is s prime?
True
Suppose 4*u + 4*p = 31184, -4*u + 3*u - 3*p = -7786. Is u prime?
False
Is 4/((-24)/(-4782))*3 a composite number?
True
Suppose -n - 31496 = -5*n. Let r = n - 4917. Is r prime?
True
Let w = 102 + -136. Let h = w + 41. Is h a prime number?
True
Suppose -2*t - 4 = -t. Let u be ((-10)/t)/(2/(-108)). Let m = -24 - u. Is m prime?
False
Suppose -669442 = -111*i - 93463. Is i composite?
False
Let k = 11868 + -5671. Is k prime?
True
Is ((-69429)/(-6))/(3/6) a composite number?
False
Suppose 0 = 2*d - 10, 0 = -3*i - 3*d - 10 - 5. Let x = -11 - i. Is 189 + x + 0 - 3 a prime number?
False
Let h(j) = j**2 + 18*j + 37. Let u be h(-16). Suppose -4*m + 4*x = -0*m - 1968, -4*x = u*m - 2415. Is m composite?
False
Suppose 0 = 2*w + 6*x - 4*x - 948, -3*w + 3*x + 1392 = 0. Is w composite?
True
Suppose -121 = 11*y - 4829. Suppose 0*l + 280 = -4*l - 3*a, 0 = -2*l + 2*a - 154. Let p = l + y. Is p composite?
True
Is (-34325)/(-20) + -5 - 2/8 composite?
True
Is 62*(-1)/((-14)/21) composite?
True
Suppose -4*x - 305 = 207. Let i be (-641)/(-8) + 16/x. Let j = i - 21. Is j composite?
False
Is 20861 - (4/6)/(12/(-36)) a composite number?
True
Suppose 2*k + 10*k - 94812 = 0. Is k a prime number?
True
Let r = 0 - -3. Suppose 17*f - r*f - 11914 = 0. Is f a composite number?
True
Let z = -3101 + -3519. Let a be z/(-30)*6/4. Suppose 0 = -5*m, -y - m - m + a = 0. Is y prime?
True
Let r(q) = -4*q**3 + 11*q**2 + 15*q - 21. Is r(-8) a prime number?
False
Let v(u) be the second derivative of -27*u**5/10 - u**4/4 + 11*u**3/6 + 7*u**2/2 - 15*u. I